{"id":1093,"date":"2016-04-26T22:44:04","date_gmt":"2016-04-26T19:44:04","guid":{"rendered":"http:\/\/finnairinsukeltajat.fi\/wp-content\/uploads\/2016\/04\/danialaiturissa.jpg"},"modified":"2016-04-26T22:49:51","modified_gmt":"2016-04-26T19:49:51","slug":"danialaiturissa","status":"inherit","type":"attachment","link":"http:\/\/finnairinsukeltajat.fi\/?attachment_id=1093","title":{"rendered":"danialaiturissa"},"author":3,"featured_media":0,"comment_status":"open","ping_status":"closed","template":"","meta":[],"class_list":["post-1093","attachment","type-attachment","status-inherit","hentry"],"jetpack_sharing_enabled":true,"description":{"rendered":"<p class=\"attachment\"><a href=\"https:\/\/i0.wp.com\/finnairinsukeltajat.fi\/wp-content\/uploads\/2016\/04\/danialaiturissa.jpg\"><img loading=\"lazy\" decoding=\"async\" width=\"300\" height=\"177\" src=\"https:\/\/i0.wp.com\/finnairinsukeltajat.fi\/wp-content\/uploads\/2016\/04\/danialaiturissa.jpg?fit=300%2C177\" class=\"attachment-medium size-medium\" alt=\"\" srcset=\"https:\/\/i0.wp.com\/finnairinsukeltajat.fi\/wp-content\/uploads\/2016\/04\/danialaiturissa.jpg?w=342 342w, https:\/\/i0.wp.com\/finnairinsukeltajat.fi\/wp-content\/uploads\/2016\/04\/danialaiturissa.jpg?resize=300%2C177 300w\" sizes=\"auto, (max-width: 300px) 100vw, 300px\" \/><\/a><\/p>\n"},"caption":{"rendered":"<p>Dania laiturissa valmiina l\u00e4ht\u00f6\u00f6n<\/p>\n"},"alt_text":"","media_type":"image","mime_type":"image\/jpeg","media_details":{"width":342,"height":202,"file":"2016\/04\/danialaiturissa.jpg","sizes":{"thumbnail":{"file":"danialaiturissa-150x150.jpg","width":150,"height":150,"mime_type":"image\/jpeg","source_url":"https:\/\/i0.wp.com\/finnairinsukeltajat.fi\/wp-content\/uploads\/2016\/04\/danialaiturissa.jpg?resize=150%2C150"},"medium":{"file":"danialaiturissa-300x177.jpg","width":300,"height":177,"mime_type":"image\/jpeg","source_url":"https:\/\/i0.wp.com\/finnairinsukeltajat.fi\/wp-content\/uploads\/2016\/04\/danialaiturissa.jpg?fit=300%2C177"},"post-thumbnail":{"file":"danialaiturissa-88x88.jpg","width":88,"height":88,"mime_type":"image\/jpeg","source_url":"http:\/\/finnairinsukeltajat.fi\/wp-content\/uploads\/2016\/04\/danialaiturissa-88x88.jpg"},"full":{"file":"danialaiturissa.jpg?fit=342%2C202","width":342,"height":202,"mime_type":"image\/jpeg","source_url":"https:\/\/i0.wp.com\/finnairinsukeltajat.fi\/wp-content\/uploads\/2016\/04\/danialaiturissa.jpg?fit=342%2C202"}},"image_meta":{"aperture":"0","credit":"","camera":"","caption":"","created_timestamp":"0","copyright":"","focal_length":"0","iso":"0","shutter_speed":"0","title":"","orientation":"0","keywords":[]}},"post":null,"source_url":"http:\/\/finnairinsukeltajat.fi\/wp-content\/uploads\/2016\/04\/danialaiturissa.jpg","_links":{"self":[{"href":"http:\/\/finnairinsukeltajat.fi\/index.php?rest_route=\/wp\/v2\/media\/1093","targetHints":{"allow":["GET"]}}],"collection":[{"href":"http:\/\/finnairinsukeltajat.fi\/index.php?rest_route=\/wp\/v2\/media"}],"about":[{"href":"http:\/\/finnairinsukeltajat.fi\/index.php?rest_route=\/wp\/v2\/types\/attachment"}],"author":[{"embeddable":true,"href":"http:\/\/finnairinsukeltajat.fi\/index.php?rest_route=\/wp\/v2\/users\/3"}],"replies":[{"embeddable":true,"href":"http:\/\/finnairinsukeltajat.fi\/index.php?rest_route=%2Fwp%2Fv2%2Fcomments&post=1093"}]}}

<p>Dania laiturissa valmiina lähtöön</p>
