{"id":1154,"date":"2016-04-26T23:20:10","date_gmt":"2016-04-26T20:20:10","guid":{"rendered":"http:\/\/finnairinsukeltajat.fi\/wp-content\/uploads\/2016\/04\/ohimenevaalus.jpg"},"modified":"2016-04-26T23:25:48","modified_gmt":"2016-04-26T20:25:48","slug":"ohimenevaalus","status":"inherit","type":"attachment","link":"http:\/\/finnairinsukeltajat.fi\/?attachment_id=1154","title":{"rendered":"ohimenevaalus"},"author":3,"featured_media":0,"comment_status":"open","ping_status":"closed","template":"","meta":[],"class_list":["post-1154","attachment","type-attachment","status-inherit","hentry"],"jetpack_sharing_enabled":true,"description":{"rendered":"<p class=\"attachment\"><a href=\"https:\/\/i0.wp.com\/finnairinsukeltajat.fi\/wp-content\/uploads\/2016\/04\/ohimenevaalus.jpg\"><img loading=\"lazy\" decoding=\"async\" width=\"300\" height=\"225\" src=\"https:\/\/i0.wp.com\/finnairinsukeltajat.fi\/wp-content\/uploads\/2016\/04\/ohimenevaalus.jpg?fit=300%2C225\" class=\"attachment-medium size-medium\" alt=\"\" srcset=\"https:\/\/i0.wp.com\/finnairinsukeltajat.fi\/wp-content\/uploads\/2016\/04\/ohimenevaalus.jpg?w=341 341w, https:\/\/i0.wp.com\/finnairinsukeltajat.fi\/wp-content\/uploads\/2016\/04\/ohimenevaalus.jpg?resize=300%2C225 300w\" sizes=\"auto, (max-width: 300px) 100vw, 300px\" \/><\/a><\/p>\n"},"caption":{"rendered":"<p>T\u00e4m\u00e4 ohitti aika l\u00e4helt\u00e4 meid\u00e4t Eggolla<\/p>\n"},"alt_text":"","media_type":"image","mime_type":"image\/jpeg","media_details":{"width":341,"height":256,"file":"2016\/04\/ohimenevaalus.jpg","sizes":{"thumbnail":{"file":"ohimenevaalus-150x150.jpg","width":150,"height":150,"mime_type":"image\/jpeg","source_url":"https:\/\/i0.wp.com\/finnairinsukeltajat.fi\/wp-content\/uploads\/2016\/04\/ohimenevaalus.jpg?resize=150%2C150"},"medium":{"file":"ohimenevaalus-300x225.jpg","width":300,"height":225,"mime_type":"image\/jpeg","source_url":"https:\/\/i0.wp.com\/finnairinsukeltajat.fi\/wp-content\/uploads\/2016\/04\/ohimenevaalus.jpg?fit=300%2C225"},"post-thumbnail":{"file":"ohimenevaalus-88x88.jpg","width":88,"height":88,"mime_type":"image\/jpeg","source_url":"http:\/\/finnairinsukeltajat.fi\/wp-content\/uploads\/2016\/04\/ohimenevaalus-88x88.jpg"},"full":{"file":"ohimenevaalus.jpg?fit=341%2C256","width":341,"height":256,"mime_type":"image\/jpeg","source_url":"https:\/\/i0.wp.com\/finnairinsukeltajat.fi\/wp-content\/uploads\/2016\/04\/ohimenevaalus.jpg?fit=341%2C256"}},"image_meta":{"aperture":"0","credit":"","camera":"","caption":"","created_timestamp":"0","copyright":"","focal_length":"0","iso":"0","shutter_speed":"0","title":"","orientation":"0","keywords":[]}},"post":null,"source_url":"http:\/\/finnairinsukeltajat.fi\/wp-content\/uploads\/2016\/04\/ohimenevaalus.jpg","_links":{"self":[{"href":"http:\/\/finnairinsukeltajat.fi\/index.php?rest_route=\/wp\/v2\/media\/1154","targetHints":{"allow":["GET"]}}],"collection":[{"href":"http:\/\/finnairinsukeltajat.fi\/index.php?rest_route=\/wp\/v2\/media"}],"about":[{"href":"http:\/\/finnairinsukeltajat.fi\/index.php?rest_route=\/wp\/v2\/types\/attachment"}],"author":[{"embeddable":true,"href":"http:\/\/finnairinsukeltajat.fi\/index.php?rest_route=\/wp\/v2\/users\/3"}],"replies":[{"embeddable":true,"href":"http:\/\/finnairinsukeltajat.fi\/index.php?rest_route=%2Fwp%2Fv2%2Fcomments&post=1154"}]}}

<p>Tämä ohitti aika läheltä meidät Eggolla</p>
