{"id":532,"date":"2016-01-25T21:41:35","date_gmt":"2016-01-25T19:41:35","guid":{"rendered":"http:\/\/finnairinsukeltajat.fi\/wp-content\/uploads\/2016\/01\/dania1.jpg"},"modified":"2016-01-25T21:56:26","modified_gmt":"2016-01-25T19:56:26","slug":"dania1","status":"inherit","type":"attachment","link":"http:\/\/finnairinsukeltajat.fi\/?attachment_id=532","title":{"rendered":"dania1"},"author":3,"featured_media":0,"comment_status":"open","ping_status":"closed","template":"","meta":[],"class_list":["post-532","attachment","type-attachment","status-inherit","hentry"],"jetpack_sharing_enabled":true,"description":{"rendered":"<p class=\"attachment\"><a href=\"https:\/\/i0.wp.com\/finnairinsukeltajat.fi\/wp-content\/uploads\/2016\/01\/dania1.jpg\"><img loading=\"lazy\" decoding=\"async\" width=\"300\" height=\"190\" src=\"https:\/\/i0.wp.com\/finnairinsukeltajat.fi\/wp-content\/uploads\/2016\/01\/dania1.jpg?fit=300%2C190\" class=\"attachment-medium size-medium\" alt=\"\" srcset=\"https:\/\/i0.wp.com\/finnairinsukeltajat.fi\/wp-content\/uploads\/2016\/01\/dania1.jpg?w=313 313w, https:\/\/i0.wp.com\/finnairinsukeltajat.fi\/wp-content\/uploads\/2016\/01\/dania1.jpg?resize=300%2C190 300w\" sizes=\"auto, (max-width: 300px) 100vw, 300px\" \/><\/a><\/p>\n"},"caption":{"rendered":"<p>Dania on mukana niin iltakeikoilla kuin my\u00f6s leireill\u00e4. Kuvassa syysleirill\u00e4 2003.<\/p>\n"},"alt_text":"","media_type":"image","mime_type":"image\/jpeg","media_details":{"width":313,"height":198,"file":"2016\/01\/dania1.jpg","sizes":{"thumbnail":{"file":"dania1-150x150.jpg","width":150,"height":150,"mime_type":"image\/jpeg","source_url":"https:\/\/i0.wp.com\/finnairinsukeltajat.fi\/wp-content\/uploads\/2016\/01\/dania1.jpg?resize=150%2C150"},"medium":{"file":"dania1-300x190.jpg","width":300,"height":190,"mime_type":"image\/jpeg","source_url":"https:\/\/i0.wp.com\/finnairinsukeltajat.fi\/wp-content\/uploads\/2016\/01\/dania1.jpg?fit=300%2C190"},"post-thumbnail":{"file":"dania1-88x88.jpg","width":88,"height":88,"mime_type":"image\/jpeg","source_url":"http:\/\/finnairinsukeltajat.fi\/wp-content\/uploads\/2016\/01\/dania1-88x88.jpg"},"full":{"file":"dania1.jpg?fit=313%2C198","width":313,"height":198,"mime_type":"image\/jpeg","source_url":"https:\/\/i0.wp.com\/finnairinsukeltajat.fi\/wp-content\/uploads\/2016\/01\/dania1.jpg?fit=313%2C198"}},"image_meta":{"aperture":0,"credit":"","camera":"","caption":"","created_timestamp":0,"copyright":"","focal_length":0,"iso":0,"shutter_speed":0,"title":"","orientation":0}},"post":221,"source_url":"http:\/\/finnairinsukeltajat.fi\/wp-content\/uploads\/2016\/01\/dania1.jpg","_links":{"self":[{"href":"http:\/\/finnairinsukeltajat.fi\/index.php?rest_route=\/wp\/v2\/media\/532","targetHints":{"allow":["GET"]}}],"collection":[{"href":"http:\/\/finnairinsukeltajat.fi\/index.php?rest_route=\/wp\/v2\/media"}],"about":[{"href":"http:\/\/finnairinsukeltajat.fi\/index.php?rest_route=\/wp\/v2\/types\/attachment"}],"author":[{"embeddable":true,"href":"http:\/\/finnairinsukeltajat.fi\/index.php?rest_route=\/wp\/v2\/users\/3"}],"replies":[{"embeddable":true,"href":"http:\/\/finnairinsukeltajat.fi\/index.php?rest_route=%2Fwp%2Fv2%2Fcomments&post=532"}],"wp:attached-to":[{"embeddable":true,"post_type":"page","id":221,"href":"http:\/\/finnairinsukeltajat.fi\/index.php?rest_route=\/wp\/v2\/pages\/221"}],"curies":[{"name":"wp","href":"https:\/\/api.w.org\/{rel}","templated":true}]}}

<p>Dania on mukana niin iltakeikoilla kuin myös leireillä. Kuvassa syysleirillä 2003.</p>
