{"id":897,"date":"2016-02-28T19:31:29","date_gmt":"2016-02-28T17:31:29","guid":{"rendered":"http:\/\/finnairinsukeltajat.fi\/wp-content\/uploads\/2016\/02\/radhytti-Copy.jpg"},"modified":"2016-02-28T20:01:46","modified_gmt":"2016-02-28T18:01:46","slug":"radhytti-copy","status":"inherit","type":"attachment","link":"http:\/\/finnairinsukeltajat.fi\/?attachment_id=897","title":{"rendered":"radhytti &#8211; Copy"},"author":3,"featured_media":0,"comment_status":"open","ping_status":"closed","template":"","meta":[],"class_list":["post-897","attachment","type-attachment","status-inherit","hentry"],"jetpack_sharing_enabled":true,"description":{"rendered":"<p class=\"attachment\"><a href=\"https:\/\/i0.wp.com\/finnairinsukeltajat.fi\/wp-content\/uploads\/2016\/02\/radhytti-Copy.jpg\"><img loading=\"lazy\" decoding=\"async\" width=\"300\" height=\"192\" src=\"https:\/\/i0.wp.com\/finnairinsukeltajat.fi\/wp-content\/uploads\/2016\/02\/radhytti-Copy.jpg?fit=300%2C192\" class=\"attachment-medium size-medium\" alt=\"\" srcset=\"https:\/\/i0.wp.com\/finnairinsukeltajat.fi\/wp-content\/uploads\/2016\/02\/radhytti-Copy.jpg?w=438 438w, https:\/\/i0.wp.com\/finnairinsukeltajat.fi\/wp-content\/uploads\/2016\/02\/radhytti-Copy.jpg?resize=300%2C192 300w\" sizes=\"auto, (max-width: 300px) 100vw, 300px\" \/><\/a><\/p>\n"},"caption":{"rendered":"<p>S\u00e4hk\u00f6tt\u00e4j\u00e4n hytti(oviaukko vaalennettu)<\/p>\n"},"alt_text":"","media_type":"image","mime_type":"image\/jpeg","media_details":{"width":438,"height":280,"file":"2016\/02\/radhytti-Copy.jpg","sizes":{"thumbnail":{"file":"radhytti-Copy-150x150.jpg","width":150,"height":150,"mime_type":"image\/jpeg","source_url":"https:\/\/i0.wp.com\/finnairinsukeltajat.fi\/wp-content\/uploads\/2016\/02\/radhytti-Copy.jpg?resize=150%2C150"},"medium":{"file":"radhytti-Copy-300x192.jpg","width":300,"height":192,"mime_type":"image\/jpeg","source_url":"https:\/\/i0.wp.com\/finnairinsukeltajat.fi\/wp-content\/uploads\/2016\/02\/radhytti-Copy.jpg?fit=300%2C192"},"post-thumbnail":{"file":"radhytti-Copy-88x88.jpg","width":88,"height":88,"mime_type":"image\/jpeg","source_url":"http:\/\/finnairinsukeltajat.fi\/wp-content\/uploads\/2016\/02\/radhytti-Copy-88x88.jpg"},"full":{"file":"radhytti-Copy.jpg?fit=438%2C280","width":438,"height":280,"mime_type":"image\/jpeg","source_url":"https:\/\/i0.wp.com\/finnairinsukeltajat.fi\/wp-content\/uploads\/2016\/02\/radhytti-Copy.jpg?fit=438%2C280"}},"image_meta":{"aperture":0,"credit":"","camera":"","caption":"","created_timestamp":0,"copyright":"","focal_length":0,"iso":0,"shutter_speed":0,"title":"","orientation":0}},"post":865,"source_url":"http:\/\/finnairinsukeltajat.fi\/wp-content\/uploads\/2016\/02\/radhytti-Copy.jpg","_links":{"self":[{"href":"http:\/\/finnairinsukeltajat.fi\/index.php?rest_route=\/wp\/v2\/media\/897","targetHints":{"allow":["GET"]}}],"collection":[{"href":"http:\/\/finnairinsukeltajat.fi\/index.php?rest_route=\/wp\/v2\/media"}],"about":[{"href":"http:\/\/finnairinsukeltajat.fi\/index.php?rest_route=\/wp\/v2\/types\/attachment"}],"author":[{"embeddable":true,"href":"http:\/\/finnairinsukeltajat.fi\/index.php?rest_route=\/wp\/v2\/users\/3"}],"replies":[{"embeddable":true,"href":"http:\/\/finnairinsukeltajat.fi\/index.php?rest_route=%2Fwp%2Fv2%2Fcomments&post=897"}],"wp:attached-to":[{"embeddable":true,"post_type":"page","id":865,"href":"http:\/\/finnairinsukeltajat.fi\/index.php?rest_route=\/wp\/v2\/pages\/865"}],"curies":[{"name":"wp","href":"https:\/\/api.w.org\/{rel}","templated":true}]}}

<p>Sähköttäjän hytti(oviaukko vaalennettu)</p>
